 4243?
-4300
In base 13, what is 13 + -55?
-42
In base 5, what is 300 + -12?
233
In base 11, what is 2 + 134?
136
In base 8, what is 13676 + 3?
13701
In base 5, what is -13 - 0?
-13
In base 9, what is 0 - 331?
-331
In base 4, what is 3 + -1112?
-1103
In base 5, what is -3404 + -34?
-3443
In base 6, what is 102 + -21?
41
In base 14, what is 108 + -1?
107
In base 2, what is -111 - -11000101?
10111110
In base 3, what is -211 - -1111?
200
In base 5, what is 22 + 1244?
1321
In base 10, what is -436 - -15?
-421
In base 12, what is -3 + 483?
480
In base 15, what is -89 + 4?
-85
In base 12, what is -89 + -1?
-8a
In base 8, what is -2 - -340?
336
In base 15, what is -72 - 4?
-76
In base 7, what is 150 + 5?
155
In base 4, what is -31200 - 31?
-31231
In base 7, what is 3 - 106?
-103
In base 16, what is f4d + -4?
f49
In base 12, what is -2 - 28?
-2a
In base 6, what is 4 + -512?
-504
In base 9, what is 5 + 1500?
1505
In base 7, what is -1 - 16?
-20
In base 10, what is 3 - 3083?
-3080
In base 3, what is 20112 - 11?
20101
In base 9, what is 40 + 23?
63
In base 6, what is 223 - 10?
213
In base 9, what is -118 - -6?
-112
In base 3, what is 12 - 10110?
-10021
In base 8, what is -16 - -14?
-2
In base 12, what is 39 - -73?
b0
In base 13, what is -4 + 2?
-2
In base 10, what is -3888 + 5?
-3883
In base 16, what is -6 + -a4?
-aa
In base 2, what is 1100100 + 100?
1101000
In base 16, what is 5 - -2df?
2e4
In base 12, what is -171b1 - -3?
-171aa
In base 8, what is -3 + 543?
540
In base 11, what is -1 - 67?
-68
In base 3, what is -11 - -2110?
2022
In base 13, what is -36 + -ab?
-114
In base 5, what is 40 + 12?
102
In base 16, what is 503 - 0?
503
In base 5, what is -331 + -2?
-333
In base 11, what is 0 - -1428?
1428
In base 16, what is -2 + -1af?
-1b1
In base 7, what is -63 - -154?
61
In base 6, what is 2 - 22?
-20
In base 14, what is 564 + -9?
559
In base 13, what is -2 + 42?
40
In base 8, what is 3 + 3?
6
In base 5, what is -10 + -22324?
-22334
In base 6, what is -1225 - 5?
-1234
In base 10, what is -521 + 3?
-518
In base 12, what is 74 - -43?
b7
In base 11, what is 11 + -12?
-1
In base 16, what is -19 + 1?
-18
In base 14, what is -1 + 6?
5
In base 5, what is -10 + -30?
-40
In base 16, what is -4 - -c?
8
In base 9, what is 305 + 0?
305
In base 14, what is -b - -22?
15
In base 8, what is 5 + -6077?
-6072
In base 4, what is 1023 + 12?
1101
In base 6, what is 304 + 140?
444
In base 7, what is 124 + 131?
255
In base 15, what is 1 - a?
-9
In base 9, what is 24236 + 1?
24237
In base 15, what is 5dea - 0?
5dea
In base 4, what is 10 - 221103?
-221033
In base 5, what is 13041 + -10?
13031
In base 10, what is 24342 - -3?
24345
In base 16, what is 164 + 2?
166
In base 6, what is -3 - -214?
211
In base 2, what is -101 + 101011?
100110
In base 8, what is -4 + -55?
-61
In base 9, what is 0 - -352?
352
In base 15, what is 3 + 3a?
3d
In base 9, what is -5 + 352?
346
In base 6, what is 12 - 4255?
-4243
In base 14, what is -31 + -41?
-72
In base 13, what is -1 - 550?
-551
In base 8, what is -1 + -112?
-113
In base 4, what is 1303 - 32?
1211
In base 13, what is -42 + -57?
-99
In base 6, what is -2 + -2100?
-2102
In base 8, what is 10014 - 0?
10014
In base 16, what is -460c - 2?
-460e
In base 15, what is 1d6 - 2?
1d4
In base 8, what is -4 + 24?
20
In base 7, what is -4 + 53?
46
In base 3, what is -211 + -210?
-1121
In base 4, what is -10 + 33301?
33231
In base 15, what is -5 - 205?
-20a
In base 12, what is 75 - 4?
71
In base 10, what is -7 + -27?
-34
In base 5, what is 14 - -11?
30
In base 16, what is 12b + 3?
12e
In base 7, what is -203 + 2?
-201
In base 3, what is -12 - 2002101?
-2002120
In base 5, what is -4 - 110024?
-110033
In base 8, what is 217 + -2?
215
In base 9, what is 8 - 607?
-588
In base 15, what is ae - 1?
ad
In base 2, what is -10 + -1100001101?
-1100001111
In base 6, what is 410 - 3?
403
In base 4, what is 100 - -2211?
2311
In base 11, what is 4 + -676?
-672
In base 15, what is 5 + -d4?
-ce
In base 14, what is 4bbb + -3?
4bb8
In base 2, what is 10 + -111010011?
-111010001
In base 16, what is -24 + 13?
-11
In base 6, what is -14010 + -4?
-14014
In base 10, what is -10397 - -3?
-10394
In base 12, what is 4 - 321?
-319
In base 14, what is 96 - -13?
a9
In base 13, what is -4 + -5b9?
-5c0
In base 13, what is 3b41 + -5?
3b39
In base 5, what is 0 + 1324?
1324
In base 13, what is 13 - 2?
11
In base 12, what is -339 + 2?
-337
In base 3, what is 1012 - 110110?
-102021
In base 7, what is 14056 + 0?
14056
In base 15, what is 5 + 18?
1d
In base 7, what is 10 + 1?
11
In base 4, what is 10 + -31122?
-31112
In base 6, what is -42113 - 1?
-42114
In base 7, what is -2415 + 2?
-2413
In base 12, what is -1 - -329?
328
In base 12, what is 1b2 - 7?
1a7
In base 7, what is -1 - 363?
-364
In base 6, what is 15313 - -2?
15315
In base 11, what is 0 + 78?
78
In base 11, what is 65 + 1?
66
In base 7, what is -2022 + -2?
-2024
In base 2, what is 10001010011 - 101?
10001001110
In base 4, what is -1 - -111003?
111002
In base 2, what is -1011001 - 110?
-1011111
In base 12, what is -1 + -265?
-266
In base 11, what is -76 + -6a?
-135
In base 10, what is -22 - -2?
-20
In base 2, what is 11101110 - -101000?
100010110
In base 16, what is -17 - 3?
-1a
In base 16, what is -d + 1a?
d
In base 5, what is 1100 + -12?
1033
In base 10, what is 5 + -7298?
-7293
In base 11, what is -3 + -23?
-26
In base 13, what is -1 + 6?
5
In base 6, what is -322 - -1?
-321
In base 8, what is 74 - 5?
67
In base 6, what is 402122 + 0?
402122
In base 6, what is 30 - -24?
54
In base 14, what is -1 + 4a?
49
In base 16, what is -6 - 778?
-77e
In base 2, what is 1111 + -100?
1011
In base 3, what is -100022200 - 2?
-100022202
In base 6, what is 4 + -5133?
-5125
In base 3, what is 2 - -2002?
2011
In base 4, what is -2000 + -1?
-2001
In base 15, what is 55 + 33?
88
In base 3, what is 10 - 11220?
-11210
In base 8, what is 5 - 164?
-157
In base 16, what is 2e6e + 1?
2e6f
In base 16, what is -5 + 6?
1
In base 12, what is -1 + -81?
-82
In base 3, what is 10 + -20110?
-20100
In base 6, what is -1054 - -10?
-1044
In base 14, what is 7 + 14?
1b
In base 14, what is 83 - -58?
db
In base 2, what is -100 - 11111101?
-100000001
In base 2, what is 10000001100001 - -100?
10000001100101
In base 2, what is -100 - -110001?
101101
In base 13, what is 7a + 8?
85
In base 10, what is -3 - 3070?
-3073
In base 7, what is 2 + -3543?
-3541
In base 14, what is -2477 + 1?
-2476
In base 3, what is 2001000202 - -1?
2001000210
In base 3, what is -212222 + 212?
-212010
In base 10, what is 455 + 2?
457
In base 11, what is 1 + 95?
96
In base 8, what is -11 - 2?
-13
In base 12, what is 6b - -2?
71
In base 13, what is 5c - -4?
63
In base 8, what is 107531 + 4?
107535
In base 10, what is 7 + -3?
4
In base 3, what is -1 + 12022?
12021
In base 3, what is 12021111 + -12?
12021022
In base 14, what is -2 - -c0?
bc
In base 10, what is 136 + 18?
154
In base 5, what is 22 - 234?
-212
In base 14, what is 1c2 - 1?
1c1
In base 3, what is -1011221 + 12?
-1011202
In base 8, what is 12 + 2753?
2765
In base 4, what is 11 + -10100?
-10023
In base 14, what is -4dc + c?
-4d0
In base 15, what is 59 + 4?
5d
In base 10, what is -5 + 294?
289
In base 2, what is 1110101101 + 100?
1110110001
In base 10, what is 4 + -235?
-231
In base 2, what is 1110101100 + -101?
1110100111
In base 4, what is -210323 - 0?
-210323
In base 14, what is a3 - 2?
a1
In base 5, what is 241012 - -1?
241013
In base 6, what is -1005 + 3?
-1002
In base 15, what is -9 - 4c?
-56
In base 4, what is 3 + -201322?
-201313
In base 3, what is -10120 - 0?
-10120
In base 3, what is 0 - -22211?
22211
In base 3, what is -12 - 101220?
-102002
In base 7, what is 3 - -25?
31
In base 10, what is 5 - 120?
-115
In base 16, what is -5 - 214?
-219
In base 9, what is -5 - 83?
-88
In base 16, what is -1608 - -1?
-1607
In base 13, what is 52 + 0?
52
In base 2, what is 111 + 110000001?
110001000
In base 8, what is 1305 - 4?
1301
In base 13, what is 0 + -14b?
-14b
In base 9, what is -5 + 281?
275
In base 14, what is -4665 - 1?
-4666
In base 12, what is 2790 - 0?
2790
In base 12, what is 2 + -43?
-41
In base 16, what is e - -8?
16
In base 16, what is -2f + -84?
-b3
In base 4, what is 2303 + 100?
3003
In base 16, what is 2 + -479?
-477
In base 3, wh